 4*f + 5*u - 10. Suppose -5*b - f = -4*b. Give a(b).
0
Let k(l) = 5*l - 4. Let n(a) = -6*a + 5. Let x(p) = -5*k(p) - 4*n(p). Let s(q) = 3*q + 1. Let u(d) = -s(d) + 3*x(d). Calculate u(1).
-7
Let z(w) be the third derivative of w**4/12 - 4*w**3/3 + 19*w**2. Determine z(8).
8
Let j(b) = -b**3 + 2*b**2 - 2*b + 2. Let w be j(2). Let h(t) be the first derivative of 2*t**2 + 2*t - 1. Calculate h(w).
-6
Suppose 4 + 6 = 5*k. Let y(z) = -1 - z + 3*z - 2 - 2*z**2. Give y(k).
-7
Let m(b) = -10*b**3 - 5*b**2 + 7*b - 1. Let i(h) = -3*h**3 - 2*h**2 + 2*h. Let g = -3 - -1. Let x(t) = g*m(t) + 7*i(t). What is x(-4)?
2
Let u(d) be the first derivative of -2 - 1/3*d**3 - 3*d + d**2. Suppose 0 = -w - 2*w + 6. Determine u(w).
-3
Let j(u) be the second derivative of 0*u**2 + 2/3*u**3 + 1/12*u**4 + 0 + u. Let d(n) = n**2 + 4*n - 1. Let s(k) = 2*d(k) - 3*j(k). Calculate s(-5).
-7
Let v(p) = -p + 3*p - 1 - p + 0. Let w be (0 + -1)/((-5)/30). Give v(w).
5
Let i = -75 - -79. Let v(s) be the first derivative of -s**2 + 6*s - 1. Determine v(i).
-2
Let y be (3/2)/((-6)/(-12)). Suppose -a + 3*w = w - 2, -y*a + 5*w + 6 = 0. Let j(s) = -6 + a*s + 3*s**2 + 4 + 0. Determine j(-2).
6
Let t(v) be the second derivative of -7*v**5/20 - v**4/6 + v**2/2 + 15*v. What is t(-1)?
6
Let n(z) = -31 - z - 30 - 27 + 86. Give n(3).
-5
Let b(w) = w**2 - 2*w + 2. Let y = -9 + 11. Calculate b(y).
2
Let o(y) = 11*y**3 - 9*y**2 + 27*y + 13. Let w(u) = -5*u**3 + 5*u**2 - 13*u - 6. Let l(q) = -4*o(q) - 9*w(q). Determine l(8).
10
Suppose 3*b = -4*y - 21, -5*y - 24 = 4*b + 3. Let f(h) = -h**3 + 5*h + 2. Calculate f(y).
14
Let k = 19 - 15. Let x(q) = 7*q**2 - k*q - 5*q**2 - q**2 + 6. Give x(4).
6
Suppose 4*f + 4 = 4*o, -4*o - f = 2*f + 3. Let g(u) = 4 - 1 + o - u + 0*u. Calculate g(0).
3
Let y(i) = i**2 + 7*i + 6. Suppose 2*v + 5 + 3 = 0. Let d(s) = s**2 + 6*s + 4. Let p be d(v). Determine y(p).
-6
Let d(r) = 4*r**2 - 2. Let b(z) = 8*z**2 - z - 3. Let k(f) = -3*b(f) + 5*d(f). What is k(2)?
-11
Let i = 10 + -10. Let w(v) be the second derivative of -v**7/2520 + v**6/720 - v**5/20 - v**4/6 - 2*v. Let y(c) be the third derivative of w(c). What is y(i)?
-6
Suppose -3*w = -5*y + 17, 3*w = y - 8 - 5. Let q(o) = 12*o - 1. Give q(y).
11
Let q(x) = -x**2 - 5*x + 2. Let p(n) = n**3 - 7*n**2 - 5. Let m be p(7). Let r be q(m). Let o(z) = 3*z. What is o(r)?
6
Let r be ((-1518)/(-36))/11 - 2/(-12). Let w(u) be the second derivative of 0 - 3*u - u**2 - 2/3*u**3 + 1/12*u**r. Determine w(3).
-5
Let a(q) = -q**2 - 4*q + 5. Suppose -11 = -m + 5*c, 4*c + 5 = m + c. What is a(m)?
5
Let s(h) = 24*h. Let m(f) = 228*f. Suppose 0*k + 15 = 3*k. Let o(y) = k*m(y) - 48*s(y). Let u be ((-4)/(-2))/(-6 + 4). Determine o(u).
12
Let m(j) = -3*j**3 - 7*j - 4 + 2*j + 7*j**2 + 2*j**3. Determine m(6).
2
Let c(p) = 4*p**2 + 34 + 2*p + p - 31. Calculate c(-2).
13
Let o(m) = -m - 1. Let a(q) be the third derivative of -q**5/60 + q**4/6 + q**3 - 2*q**2. Let c be a(6). Determine o(c).
5
Let d(u) = -u**2 - 5*u + 3. Let n be (-2)/1 - (5 - (-4 - -5)). Calculate d(n).
-3
Let f(g) = 4 - 4*g - 3*g + 0*g + 5*g. Determine f(3).
-2
Let i(n) be the third derivative of n**6/120 - n**5/12 - n**4/4 - 7*n**3/6 + n**2. Suppose 6 = 7*z - 36. What is i(z)?
-7
Suppose 10 + 7 = z + 2*q, 0 = -q + 4. Let u be (-34)/9 + (-2)/z. Let n(x) = -x**2 - 4*x. Determine n(u).
0
Let k be (-52)/(-26) - (2 + 1/1). Let u(n) = -6*n. Calculate u(k).
6
Let r(y) = 0*y**3 + y**3 + 1 + 0*y**3. Let d(f) = -7*f**3 + 7*f**2 - 6*f - 12. Let j(s) = d(s) + 6*r(s). Determine j(6).
-6
Suppose -4*g + 59 = -5. Let s = g + -21. Let k(h) = -h**2 - 6*h + 4. What is k(s)?
9
Let f(v) = -2 - 2*v**2 + 2 - v. Let n be ((-3)/6)/((-1)/(-2)). Determine f(n).
-1
Let c(w) = -w**3 + 4*w**2 + 4. Let b be c(4). Let h(x) = -11*x**2 + 6*x + 6. Let o(t) = 11*t**2 - 5*t - 5. Let d(k) = b*h(k) + 5*o(k). Give d(-1).
11
Suppose 5*k + 4*z - 14 = 0, 0 = z + 1 - 2. Suppose u - 8 = 3*u. Let q be (k - -1)*u/6. Let w(h) = h**2 + 2. What is w(q)?
6
Let k(v) = -2*v**2 + 9*v + 7. Let a be k(5). Let j(q) be the third derivative of 1/60*q**5 + 1/8*q**4 + 0 + 0*q - q**a + 0*q**3. Calculate j(-4).
4
Let j(n) = 2*n + 2. Let k(d) be the second derivative of -1/4*d**4 - 1/20*d**5 + 5/6*d**3 + 2*d + d**2 + 0. Let q be k(-4). Give j(q).
-2
Suppose 0 = 5*c - 0*c. Suppose 0 = 4*f - c*f + 4. Let d(w) be the third derivative of w**5/10 + w**4/12 + w**3/6 - w**2. Determine d(f).
5
Let f = 18 + -11. Let o(z) = 6*z + 0 + 1 - f*z. Let h be -3 + (-2)/2 + -1. What is o(h)?
6
Let g(a) be the first derivative of 5/2*a**2 + 1 + 0*a - 2/3*a**3. Determine g(4).
-12
Let u(r) = -4*r**3 + r**2 + r. Suppose 0 = -2*o + 7*o - 25. Suppose o*t + 8 = t. Let d be -1*(t - -5)/3. Determine u(d).
4
Let s = 17 + -14. Let d(u) = u**3 - 3*u**2 + u - 1. Calculate d(s).
2
Let b(h) be the first derivative of -h**2 + 2*h + 2. Let p(l) = -l + 6. Let m be p(3). Let k = m - -2. What is b(k)?
-8
Let k(n) = 0*n - 7*n**2 + 13 - 15 + 8*n + n**3. What is k(6)?
10
Let z(d) = -d + 3 + 0*d + d**2 + 6*d - 1. Let f(v) = -v - 1. Suppose -3*b - 6 = c - 2, -2*c = -b - 6. Let k be f(c). Determine z(k).
-4
Let f(n) = -16*n + 1. Let m(x) = -18*x. Let b(d) = 6*f(d) - 5*m(d). Give b(4).
-18
Let w(o) be the first derivative of o**3/3 + 9*o**2/2 - 4*o - 6. Give w(-6).
-22
Suppose 2*f = m - 7, 2*m + m - 11 = -4*f. Let t be (-24)/30*5*f. Let a = -6 + t. Let j(x) = -3*x**2 - 2*x - 1. Give j(a).
-9
Let h(s) = -1 + 2 + s - 1. Suppose -5 = -3*y + 5*q, 4*y - q - q + 12 = 0. Determine h(y).
-5
Let u(v) be the second derivative of -v**5/10 + v**4/12 - v**3/2 - 3*v**2/2 + 46*v. What is u(-2)?
23
Let o(a) = -a**2 + 6*a - 2. Let x be o(5). Let n(s) = -3*s - 10. Let g(u) = 2*u + 7. Let k(d) = 7*g(d) + 5*n(d). Calculate k(x).
-4
Suppose 5*h = 4*h + 3. Let u(r) = -h - 4 - r + 4*r. Let x(f) = 4*f - 8. Let m(t) = -5*u(t) + 4*x(t). Give m(4).
7
Let g(y) be the first derivative of y**2 + y - 3. Suppose 2*n - 4*r = 16, -6*n + 4*r + 32 = -2*n. Suppose 2 = -5*i - n. Determine g(i).
-3
Let k(x) = -x**3 - 9*x**2 + 4. Let h be k(-9). Let s(m) = 4*m - 3*m - 1 - h. Give s(0).
-5
Suppose -4*n = 16, -2*i - 2 + 18 = -2*n. Let y(u) = -i - 3*u + 4 + 7*u + 5. Give y(-4).
-11
Let l(m) = -3*m + 4. Let j(v) = -7*v + 9. Let u(q) = -4*j(q) + 9*l(q). Give u(-6).
-6
Let l be (-4)/(-8)*(1 - -1). Let x(m) = -m + 1 + 7*m - 2*m. Determine x(l).
5
Let p(g) be the third derivative of g**5/60 - g**4/12 - g**3/2 - 2*g**2. Let n(r) = -4*r - 4. Let m be n(-2). What is p(m)?
5
Let m(n) = 6 - 11 + 2*n + 1 - n. Let y(w) = -w**3 + 15*w**2 - 14*w - 3. Let k be y(14). What is m(k)?
-7
Let c(v) = v**3 - 4*v**2 + 2*v + 3. Let a = -1 + -3. Let y = a + 19. Suppose 5*q + 0*q = 3*s + y, 2*q = s + 6. What is c(q)?
0
Let s(z) = -7*z - 1. Let c(f) = f + 7. Let x be c(-7). Suppose x*h + 2*h - 2 = 0. Let n be (1 - (h - 2)) + -3. Determine s(n).
6
Let j = -20 - -21. Let p(z) = z**3 + 1 + 4*z**2 + 3 + 2*z + j. What is p(-4)?
-3
Let o(j) = 3*j. Suppose -2*i + 0*i = 2. Give o(i).
-3
Suppose 2*u - 6*u = 16. Let h(a) = -a**3 - 3*a**2 + 4*a - 2. Let w be h(u). Let z(i) be the second derivative of -i**4/12 + i**2 + 2*i. What is z(w)?
-2
Let p be (10/(-20))/(2/4). Let q(o) = 8*o**3 + o + 1. Determine q(p).
-8
Suppose -4*x = -4*r - x + 60, -5*r - 5*x = -40. Suppose 2*d - 2*c = 3*d - 3, r = -3*d + c. Let w(j) = j**3 + 3*j**2 + 2*j + 2. What is w(d)?
-4
Let s(h) = -h**2 - 3*h + 5. Suppose 5*i + 12 = 2*i. What is s(i)?
1
Suppose 3*p - 6*p + y + 12 = 0, 4*p - 9 = -y. Let w be (1 - 0 - 2) + p. Let o(g) = -g + 1 + 5*g - 3 + g**w + g. Determine o(-5).
-2
Suppose -5*v + 8 = 3. Let l = v - 1. Suppose 2*u + l*u = 8. Let o(k) = -k**3 + 5*k**2 - 4*k + 4. Calculate o(u).
4
Let l(t) = 8*t + 12*t + 5 - 21*t. Suppose 0 = 5*u + 4*v + 40, u + 0*v - v = 1. Determine l(u).
9
Suppose 4*t - 17 = -4*i + 19, 4*i = t + 26. Let k(b) = -b - 1. Give k(i).
-8
Let t(d) = 2*d - 6. Let z(k) = k - 3. Let u(y) = -4*t(y) + 7*z(y). Calculate u(3).
0
Let z(y) = 8 + 2*y + 6*y - 7*y. Calculate z(-5).
3
Suppose 5*n + 3 - 13 = 4*v, -4*n = 5*v + 33. Let s(y) = -y**3 - y**2 - 2*y + 1. Calculate s(n).
9
Suppose -4*u - 3 = 13. Let r(b) = -b**3 - 13*b**2 + 30*b**2 - 20*b**2 + 7*b + 6. Give r(u).
-6
Let k = 14 + -15. Let z(c) = -3*c**2 - 2*c - 1. Calculate z(k).
-2
Let l(w) = -w**3 - 6*w**2 + 7*w + 7. Let 